- (-5 - -8 - -7)) + 2?
4
What is -9 + (1 - (-22 + 16 - -19))?
-21
Calculate -4 + -3 - 5 - -10.
-2
Calculate -20 + (11 - (2 - -1)).
-12
What is the value of -5 + (-15 + 8 + -4 + -6 - -8)?
-14
What is the value of -4 + 8 - ((-1 - 2) + -33 + 32)?
8
Evaluate -2 + (3 - 0) + 13 + 24 + -59.
-21
Evaluate 0 + (1 - (-2 - -5)) + -235 + 215.
-22
0 - (11 + -4) - (-1 + 1)
-7
-12 + 8 + 2 + 17 + -21
-6
Evaluate (6 - 0) + -11 + 21 - 9.
7
Evaluate 10 - 11 - (-2 + 9 - 2).
-6
What is (-2 - -11) + (-1 + 5 - 16) - 22?
-25
7 + (-3 - -1) - (-11 + 13)
3
What is the value of 3 - -3 - (0 - (11 - 7))?
10
Evaluate 24 - ((-31 - -24) + 15).
16
Calculate (27 - 14) + -4 + (7 - 4).
12
Calculate 8 + 9 + (0 - 17) + (8 - 3).
5
What is the value of 11 + -13 + (21 - 1) + -7 + 9?
20
What is the value of -45 - -44 - (4 + -18)?
13
Calculate (15 - 2 - 2) + 82 + -104 - 23.
-34
8 + (25 - 11 - 18)
4
What is the value of -3 - ((9 - 56) + 22)?
22
Evaluate 19 - (-13 - (42 + -42)).
32
What is 25 - ((5 - 2) + 12)?
10
What is the value of 556 + -595 - (-6 - (0 + -1))?
-34
What is the value of -337 + 320 - (2 + -1 + -7)?
-11
Evaluate 1 + 31 - (24 + 7 + -16).
17
What is the value of 2 + 0 + 11 + -12 + 11?
12
Evaluate 1 + -3 - (-28 - (0 + 6 + -9)).
23
What is (-6 - -16 - 2 - 9) + 4 + 0?
3
What is the value of 1 + -5 + -3 + 11 - (0 - -13)?
-9
Calculate -36 + (4 - 36) + 64.
-4
What is (0 - 2) + (-9 - (6 - 19))?
2
What is the value of 29 + -9 + 3 + 3 - 7?
19
What is the value of (7 - 1) + (-51 - -47) - -4?
6
Evaluate (7 - (4 - 1 - -7)) + -12 + 0.
-15
What is (-7 - (0 + -5)) + (11 - 18)?
-9
-11 + -16 + 39 + -21
-9
Calculate 19 + (111 + -96 - (-1 + 7)).
28
Calculate (63 - 70) + 14 + (1 - (-3 + 4)).
7
What is -15 + (-8 + 7 - -13) - (-1 - 1)?
-1
5 + -1 + 0 + (0 + 3 - 8)
-1
What is the value of 16 - (20 - 0) - -34?
30
Evaluate (9 - 3) + -19 - (-25 - -6).
6
-11 + -6 + 7 - -12
2
Evaluate (96 - 131) + 18 - (1 - 5).
-13
Evaluate -11 + (6 + 8 + -21 - 11).
-29
(-1 - -2) + (-12 + 20 - 18)
-9
Calculate -14 - (-14 - (-10 + -5)).
-15
-8 - -1 - (65 - (-38 + 138))
28
What is 1 - (-1 + 7 + -11 + 0 + 2)?
4
Evaluate 2 + -1 - (-3 + -10 - (21 - 20)).
15
Calculate -41 + 26 + (7 - -3) + (0 - -1).
-4
Calculate 2 - 1 - (15 - 26 - (6 + -8)).
10
What is the value of -68 + 55 + 4 - (13 - 2)?
-20
Calculate 3 - (-9 + (5 + -11 + 8 - 0)).
10
What is the value of -12 - (13 - 26) - -2 - 24?
-21
What is the value of 6 - (-12 + 6 - (-1 - 3 - 0))?
8
Evaluate 12 - (3 + (35 - 21)).
-5
9 + -17 - (1 + 4)
-13
-16 + 8 - (52 - 45)
-15
Evaluate -36 - (-110 + 14 + 23).
37
What is the value of 9 + (-1 - 7 - 15) + -17?
-31
-5 + (-23 - -31 - -4)
7
What is the value of -9 + -1 + 0 + (1 - -6)?
-3
(69 - (42 + 15)) + (1 - 17)
-4
Calculate -7 - (-11 + -12 + 11).
5
Calculate 30 + -35 - (-2 + (6 - 1) - 26).
18
What is -11 - (-15 + 0) - -4?
8
Evaluate -24 + -1 - (-272 - -228).
19
Evaluate 14 + (5 - 4) + 4 + -3 + -4.
12
What is (0 - 28) + -1116 + 1134?
-10
5 + (14 - 6) + -2 + (-15 - 24)
-28
Calculate 2 - 1 - (50 + -66) - -7.
24
What is (14 + -5 - 8) + (-5 - 2)?
-6
Calculate -1 - 33 - (355 - 376).
-13
What is -7 + 2 - (0 + 2) - 7?
-14
-12 - (-20 + 28 + -17)
-3
-7 + 14 + -1 + 0
6
What is the value of -15 - (-15 + 17 - 1)?
-16
Evaluate 339 + -341 - (-2 + -6).
6
Evaluate -2 - -7 - (12 - ((-1 - 3) + 3)).
-8
Calculate (18 - (-9 + 17)) + -13 + 5.
2
6 - (30 + -53 - 0)
29
What is the value of -5 - (9 + -33 + 2 + 3 + -8)?
22
2 + 2 + 5 + (-4 - -11)
16
0 + -3 + (-16 - -29)
10
Evaluate (117 - 108) + 5 + -1.
13
Calculate (-3 - (2 - 33)) + (-1 - 18) + 15.
24
What is 0 - (-3 + 4 + (-38 - -26))?
11
(19 - (8 + 10)) + 1 + -2
0
(18 - 6) + (16 - (6 - -37))
-15
What is -20 + -8 + 57 + 6?
35
What is -8 - (10 + -18 + 1 + -106 + 115)?
-10
(7 - (18 + -5)) + -5 + -17
-28
Evaluate -1 + 13 + (113 - 117).
8
What is -20 - (12 + 1 + -22)?
-11
(1 - (-15 - -25)) + 24
15
Evaluate -2 + 17 + 81 + -90.
6
What is the value of -1 + 1 - ((2 - -5) + -11)?
4
What is the value of -18 + (-9 - 8 - -31)?
-4
22 + -6 + -43 - -3
-24
What is (-21 - -17 - (-9 - -1)) + 10?
14
Evaluate (-6 - -8) + -1 + -10 - -5.
-4
What is the value of (213 - 207) + (-37 - ((-3 - 0) + -1))?
-27
Evaluate (21 - -5) + -15 - (22 - 1).
-10
Evaluate 2 - 6 - (-34 - (7 + -23 - -15)).
29
What is the value of 9 - ((-9 - (3 + 0)) + 11)?
10
Evaluate (-4 - -1 - -26) + -9.
14
Evaluate (-1 - -5 - 18) + 15 + -9.
-8
Calculate 31 - 18 - 9 - -5.
9
Calculate -358 + 417 - (39 + -1).
21
Evaluate -5 - (-1 - (-25 + 15)).
-14
13 + -1 + 2 - (339 + -331)
6
What is (13 - (-4 + 4 + 5)) + -13?
-5
Calculate -2 + 8 + (17 - (8 - (-12 + -8))).
-5
Calculate -4 - (-26 + (-3 - 5) + 8).
22
Calculate -3 - (9 + 3 + -31 + 11).
5
Calculate (26 - (-13 + 29)) + (1 - -3).
14
What is the value of 7 + 5 - (2 - -3)?
7
What is -27 + 28 + 23 + -20?
4
Calculate -20 - 8 - -16 - -16.
4
9 + -7 + 2 + -9 + -18
-23
What is the value of 33 - (-19 + -9 + 42)?
19
(57 - 67 - (-2 - 13)) + 11
16
What is the value of (0 - -19) + (-3 - 0 - (-8 + 12))?
12
Calculate -3 + (42 - 33) + -38.
-32
-5 - (3 + (-12 - 4) - -2) - 15
-9
Evaluate 48 + -2 + (-413 - -383).
16
What is 6 - 11 - (-1 + -10) - (14 + -19)?
11
What is 10 - (-1 + 28 + 0)?
-17
(-5 - (-12 + 3)) + -2 - 1
1
Calculate -9 + 40 + 3 + 1 + 61 + -66.
30
0 + -10 - ((8 - 46) + 25)
3
What is the value of -34 + 10 + 8 + (-8 - -10)?
-14
What is -10 + (0 - (-8 - -7)) + -6?
-15
What is -5 + 17 + -8 - 3 - 3?
-2
Calculate (0 - 5) + -92 + 104 + (0 - 17).
-10
Calculate -9 - (-16 + 35 + -31).
3
What is 8 + (5 - (6 - -4)) + -11?
-8
What is 1 + -4 + -2 + -7 + 14?
2
Evaluate -2 - (-8 + -2) - (12 - (18 - 32)).
-18
Evaluate 2 - ((7 - 26) + 8 - -7).
6
(9 - -2) + (0 - (2 + -2) - 1)
10
What is the value of (-1 - (5 - 5) - (5 - 11)) + -15?
-10
Evaluate (-1 + 2 - 1) + (160 - 158) + 9.
11
2 - (13 + -8 + -1) - -5
3
Calculate (-17 - -14) + -19 + -3 + 12.
-13
Evaluate -6 + 0 + 5 + 4 - -7.
10
Calculate 1 + 4 - 4 - (-1 + 2 + 1).
-1
What is 15 + (28 - 17) + -11 + -20?
-5
What is (-4 - (7 - 28) - 26) + 8 + 0?
-1
Calculate -5 + -2 + -1 + (-26 - -26).
-8
Calculate 0 + 11 + (-21 - (25 - 47)) - 42.
-30
(-79 - -64) + (1 - -23)
9
Evaluate -1 - 4 - ((-41 - 11) + 56).
-9
What is -6 + (-3 - (3 + -7 + (-1 - -7)))?
-11
-2 + 6 - (1 + -2)
5
Evaluate -8 - (9 - (-12 - -20)).
-9
Calculate (-1 - 14) + 18 + -11.
-8
What is 14 - (-8 - -11 - -1 - -2)?
8
What is 13 - (-4 + (16 - 7)) - 6?
2
What is the value of (-8 - 1) + (13 - -5 - 10) + 5?
4
0 + -8 + -14 + 25
3
What is the value of 55 + -57 + -5 + -5 + -2?
-14
Evaluate -4 - -30 - 4 - (4 - 9).
27
(19 - 2) + 30 + -57
-10
Evaluate (-54 - -25 - 4) + 28 - (0 + 5).
-10
(2 + 2 + -3 + 0 - 4) + 8
5
(-11 - (-16 - -11)) + -8
-14
Calculate 7 - 7 - 1 - (-6 - 0).
5
Calculate 0 - 6 - (-5 + 15 - (-6 + 12)).
-10
What is (-5 - 5) + 10 + -9?
-9
What is -6 + -20 + 29 + -8 + 4 + 0?
-1
Calculate (-13 + -32 - -28) + 1.
-16
Calculate 41 - -3 - (-163 + 183).
24
What is the value of (2 + (0 - 0) - (5 - 0)) + -3?
-6
Evaluate (-496 - -493) + (5 - 1) + 1.
2
What is the value of 11 + -1 + 2 - 17?
-5
Calculate (-6 - -1) + (-17 - (-25 - (22 - 16))).
9
Evaluate 18 + 4 + -21 - (-14 - -2).
13
-1 + (-20 - (-5 - -1 - -1 - 2))
-16
What is (3 - -1 - -1) + -23 + 19?
1
What is -4 + (21 - (12 + -4))?
9
Evaluate 2 - (-31 - -25) - 7.
1
Evaluate -13 - (-45 + (13 - -10)).
9
What is the value of (42 - (8 + -1)) + -17?
18
What is the value of 0 - ((-3 - -10) + 3) - -12?
2
Evaluate -5 + 10 - 1 - 0 - 8 - -7.
3
What is the value of 0 + -8 - (-20 + 34 + -16)?
-6
(12 - 2) + 37 + -37 - 3 - 24
-17
What is 6 + (-18 - (-14 - -1))?
1
(16 - (18 - 10)) + (-5 - -3) + -22
-16
Calculate -4 + -1 - (1 + (-5 + 1 - -5)).
-7
What is the value of -4 + -11 + 8 + 6?
-1
What is the value of -26 - (20 + (-10 - 24))?
-12
-2 + 4 + (-1 - 30) - 8 - -9
-28
Evaluate (-46 - (-79 + 29)) + (15 - -1).
20
(2 - 0 - (4 - 9)) + 90 + -116
-19
What is 19 + (-6 - 2) + -21?
-10
What is the value of -13 + 2 + 2 + (-7 - -17)?
1
What is the value of 20 + (-30 - -2) + 11?
3
Evaluate (-10 - -19) + -59 + 21 - 4.
-33
Evaluate -16 + (37 - 15) - 20.
-14
What is the value of (8 - (1 - -2)) + 6 + -33 + 26?
4
What is -21 - (-4 + (0 - 0) - -9)?
-26
-10 - (-16 - -40) - -25
-9
Evaluate (-10 - (0 - 1)) + -105 + 24 + 104.
14
What is the value of (-5 + 7 - 5) + -2 - 10?
-15
Calculate 9 + (-4 + 0 + -1 - -2 - -6).
12
What is (-11 - (2 + 0 + -6))